 - 325939 + 853586 + 736455. Is b a composite number?
False
Let a be 1 + (-2)/(-1 - (2 + -1)). Suppose -k = 2*f - 44, -a*f - 2*k = 20 - 66. Is (-14)/f + 7558/6 prime?
True
Let f(h) = 425*h**2 - 90*h - 1793. Is f(-24) prime?
False
Let p(r) = 8197*r - 212. Let o be p(8). Suppose 0 = 45*v + 15099 - o. Is v prime?
True
Is (13214142/10)/3 - 366/915 a composite number?
False
Suppose -2*m + 940974 = 4*v, 3*v - 811048 = 2*m - 105293. Is v prime?
False
Let r = 3431405 + -2158831. Is r prime?
False
Let t = 0 + 0. Suppose 5*y - 1384 = -2*d - 586, -2*d + 4*y + 834 = t. Let v = -36 + d. Is v a prime number?
True
Suppose 0 = -4*w + 12, 2*q - 6*q + 17 = 3*w. Let f(y) = 143 - 128 - 10*y**2 + 14*y**3 - 6*y - q*y**3. Is f(8) a composite number?
False
Let h = 2326558 + -859277. Is h a composite number?
False
Let n(l) = -65 + 3271*l**2 - 3269*l**2 - 16*l + 4*l - 20*l. Is n(-46) a composite number?
False
Let r(a) = -a**2 - 18*a - 32. Let j be r(-16). Suppose -3*z + x = -5, j*x = 5*z - 5*x + 5. Suppose -4*o = -g + z*g - 454, 5*g - 1179 = o. Is g composite?
True
Suppose 7*m = -23211 + 6488. Is 5/(-10)*2*m a composite number?
False
Suppose 209*l - 213*l - 4 = 0, -519559 = -p + 2*l. Is p a composite number?
True
Let l be ((-2385)/(-10))/(2/((-688)/(-3))). Suppose -l = -7*t - 5*t. Is t prime?
False
Let l = 3237 - -21365. Is l a prime number?
False
Let n = -57493 - -195632. Is n composite?
False
Suppose 12*u - 18*u = -66. Let v(l) = 2*l + 5 + 14*l**3 - u*l + 7*l + 6*l. Is v(4) a composite number?
True
Let x be (-12)/(-21) + -85*4/(-140). Suppose -a + x*k = -3814, a - 4*k = 5*a - 15176. Is a composite?
True
Let f be -12*(-6 - (-28830)/(-12)). Let k = -11131 + f. Is k a composite number?
True
Suppose -l - l - 3*p + 7 = 0, 0 = -2*l + 4*p + 42. Suppose 8153 = l*d - 6818. Is d prime?
True
Suppose 0 = -3*m - z + 716048, -4*m + 4*z - 258491 = -1213259. Is m composite?
True
Is (-42)/(-147)*77 - -785671 a composite number?
False
Let p(a) = -2*a + 2*a + 5*a - 2 + a. Let v be p(1). Is ((-638)/2)/(v + -5) prime?
False
Let k = -371516 - -672543. Is k composite?
False
Let k(v) = 11 - 6*v + v + 9*v**3 - 3*v**2 - 2*v. Suppose -84*b = 3*q - 83*b - 15, -5*b = 4*q - 31. Is k(q) a composite number?
True
Is (980/132 - -5)*1572 + (-5)/(-55) prime?
True
Let d be (-3)/6*-502*7. Let w(z) = 984*z - 93. Let q be w(5). Suppose -d = 10*v - q. Is v composite?
False
Let k(v) = 2326*v**3 + v**2 - 2*v + 1. Suppose 10*a + 14*a - 24 = 0. Is k(a) prime?
False
Suppose 0 = -19*t + 5*t - 25424. Let p = -902 - t. Is p a composite number?
True
Suppose 0 = -g + 4*o + 9433, -27*g - 5*o - 9430 = -28*g. Is g composite?
True
Suppose 4*s = -l + 3927361, -s = 4*l - 281620 - 700209. Is s composite?
True
Let c be (-15891)/2*(-130)/39. Suppose 5*a - 5760 = c. Is a composite?
False
Let h(r) be the first derivative of -11*r**5/30 + 5*r**4/24 - 14*r**3/3 - 11. Let g(s) be the third derivative of h(s). Is g(-10) composite?
True
Let q(y) = y**2 + 17*y + 50. Let j be q(-4). Is 6/j - (-1015 + 9) a prime number?
False
Is ((-3631815)/(-65) - (-1 - 2)) + 3/(-39) composite?
True
Let d(w) = -2*w - 12. Let x be d(-7). Suppose -x*p + 14 = 2*l, -4*l + p = -p - 58. Suppose l*y + 5155 = 17*y. Is y prime?
True
Let k(w) = 3*w**2 - 14*w - 6. Let p be k(5). Is (-11)/p*((2 - 4) + 129) a prime number?
False
Suppose 5*w - 123254 = -4*i, -4*w + 8*w = -3*i + 98602. Is w a composite number?
True
Suppose -10*r = -0*r - 50. Suppose t = 3*d - 18, -2*d + 5*d - 18 = r*t. Let o(p) = 11*p**3 + 4*p**2 + 10*p - 3. Is o(d) prime?
False
Suppose 42*n - 5*w - 1408261 = 40*n, 2*n = -5*w + 1408191. Is n composite?
True
Let g(z) = 151*z**2 - 27*z - 6. Let a be g(-11). Suppose 3*o - a = -p + 9498, -84219 = -3*p + 4*o. Is p a prime number?
True
Is (-45014376)/(-286) + (-11)/(-143) prime?
True
Suppose 0 = -70*p + 159*p - 69*p - 1966280. Is p a composite number?
True
Let u be 3*2*(-14)/(-12). Let g be u + -3 + -4 + 346. Let d = 485 - g. Is d composite?
False
Let a = 10292 + 15791. Is a a prime number?
True
Let i be 1041/(-8) - 2/(-16). Let o = i + 280. Suppose -3*y + o = 21. Is y a prime number?
True
Let z be -2 + -3 + 2 + 5. Let x be (-89)/7 - z/7. Let t(v) = v**2 + 10*v + 28. Is t(x) a composite number?
False
Let j(y) = y. Let c(z) = 5*z. Let g(r) = -c(r) + 4*j(r). Let x(f) = 81*f + 14. Let m(w) = 4*g(w) - x(w). Is m(-15) a composite number?
True
Suppose 10*i - 81505 = 9*i - 3*z, 4*z - 326020 = -4*i. Is i a composite number?
True
Let d(v) = 96*v**2 - 38. Let z be d(17). Is z/(-3)*39/(-26) composite?
True
Let c be (-2)/(2 + (-12)/5) + 11392. Suppose -3*y - 3*j = -c, -19035 = -5*y + 2*j + 3*j. Is y a composite number?
False
Let j(c) = 44*c**2 - 3*c + 1. Let u be ((-4)/(-5))/((-2)/5). Let q be j(u). Suppose 5*a = q + 1132. Is a a prime number?
True
Let b be 0/3*2/(-6). Suppose 4*m + 9 + 3 = b, -5*d - m = -737. Suppose 4*w = d + 4560. Is w a prime number?
False
Let x be 6/(-9) - 44/(-12). Suppose n - 24 + x = -4*p, 3*n + 17 = 4*p. Suppose -2580 = -p*l - 605. Is l prime?
False
Suppose -15*r = -20*r + 25. Suppose 8*v - 13*v = r*m + 45, -3*m + 45 = -3*v. Is (9/v)/((-6)/1256) a prime number?
True
Suppose 13*o = -59*o + 2391048. Is o prime?
False
Let z(d) = -7*d + 104. Let u be z(15). Let g(y) = -753*y. Is g(u) a prime number?
False
Suppose -7*g - 8*g + 3*w + 10128225 = 0, 2025645 = 3*g - 4*w. Is g a composite number?
True
Let k = 30 + -25. Is (2122/(-8))/(k/(-140)) prime?
False
Let w(o) = 54*o**2 + 6*o + 50. Let b be w(-9). Let d = -2439 + b. Is d prime?
True
Suppose -2*r + 54*n = 55*n - 1028070, -3*n - 1542123 = -3*r. Is r composite?
True
Suppose 35*x - 21*x - 126 = 0. Let f(t) = -11*t**2 - 7*t - 4. Let b(p) = -11*p**2 - 7*p - 3. Let o(w) = -5*b(w) + 4*f(w). Is o(x) composite?
False
Let a(l) = 114*l + 5. Suppose 3*m - 3*f = 12 + 3, 4*f + 8 = 0. Let b be a(m). Suppose -t + b - 73 = 0. Is t prime?
False
Suppose 0 = 4*d - 418 - 430. Suppose 5*o + 3*k = 301, -5*k - d = -4*o + 14. Suppose i - o = -4*s, 0 = -5*i + 2*s - s + 274. Is i a composite number?
True
Let d = -5216 + 7373. Is d composite?
True
Let t be 5 + (4 - -532)*2. Suppose 0 = g + 2*o - t, 0 = -2*g + 3*g + 4*o - 1069. Suppose -1409 = -2*w + g. Is w composite?
True
Let j = -9781 - -5057. Is j/8*66/(-11) a composite number?
True
Let y be (3 - -4*2) + (-4)/1. Let r(i) = 19 + 4*i + 2*i - y*i - 6*i. Is r(-10) composite?
False
Suppose 196*z - 880850 = 146*z. Is z prime?
False
Let i(l) be the third derivative of 577*l**5/30 - l**4/12 - l**3/6 + 35*l**2. Is i(1) prime?
True
Suppose 2*a + 2*a = -2*t + 3082, 2*a = -2*t + 1542. Suppose -22*f + 19*f = -5*y - 1138, -3*y + 1146 = 3*f. Let l = f + a. Is l a prime number?
True
Suppose -84533 = -7*p + 56111. Let l = p - 29070. Let u = l + 14593. Is u a prime number?
False
Suppose -2*f + 13*f - 33 = 0. Suppose f*x + 3 = 0, 4*b = 7*x - 6*x + 53517. Is b a composite number?
True
Let n be ((-9)/2 + 5)*(1 - 1). Let w be -10*(n - (1 - 18662/(-10))). Suppose -2*r - 2254 = -w. Is r a composite number?
False
Suppose -6357 = -4*c + o, -1556 - 22 = -c - 2*o. Suppose -c = -y + 4*h - 5*h, 12 = -4*h. Is y a composite number?
True
Let f(u) = -u**2 + 2*u - 6. Let t be f(2). Is 3183/t*(-4)/2 composite?
False
Suppose -3*q - 3*i = -201933, 11*q + 134626 = 13*q + 3*i. Is q a prime number?
True
Let w = 157056 - 755. Is w a composite number?
True
Let x = 5448 - -2956. Suppose 5*k = 8*h - 6*h + 10505, -4*k - h = -x. Is k prime?
False
Let o(j) = -j**3 - 6*j**2 - 9*j - 2. Suppose 2*k + 2*m + 11 = 3, 16 = -4*k - m. Let a be o(k). Let x(q) = 2246*q - 5. Is x(a) a prime number?
False
Suppose 2*b = -5*n + 19094, -116*b + 111*b = -2*n - 47619. Is b composite?
True
Suppose 358921 - 129511 = 2*m - 4*d, 5*d + 229406 = 2*m. Is m a prime number?
True
Suppose 42 = r + 6*r. Suppose 0*o + 389 = s - 4*o, 0 = -3*o - r. Is s composite?
True
Suppose 5*d - 2*x + 3201 - 21616 = 0, 0 = -5*d + 5*x + 18415. Suppose -4*u + u - 5*t + d = 0, -4*u - 3*t + 4918 = 0. Is u composite?
False
Let y = 32 - 34. Is (-1596)/(-266) + (0/y - -16727) a composite number?
True
Let y = 19 - 17. Let c be (-1 + y)*3/(-6)*2. Is c + -14*(-4 - 28) a composite number?
True
Suppose -5 - 4 = -3*n. Suppose 607 = n*s - 3170. Is s composite?
False
Suppose 31*n - 32*n - 2*y + 116241 = 0, -4*n - 2*y + 464958 = 0. Is n composite?
False
Suppose 75 = 37*p - 